84
Let h(i) = -3*i**2 + 413*i - 14019. Determine h(63).
93
Let q(l) = -36*l - 5193. Calculate q(-131).
-477
Let g(f) = -365*f + 18774. Calculate g(51).
159
Let p(n) = 753*n - 11356. Give p(21).
4457
Let q(u) = -1684*u - 35327. Calculate q(-21).
37
Let h(m) = -4*m**3 - 7*m**2 + 10*m + 113. Determine h(5).
-512
Let l(d) = -32543*d - 227804. Determine l(-7).
-3
Let r(h) = -3381*h + 125519. Determine r(38).
-2959
Let i(c) = 386*c + 35196. Determine i(-88).
1228
Let m(v) = -5*v**3 - 3*v**2 - 30*v - 70. What is m(-3)?
128
Let g(z) = 2508*z + 6968. Calculate g(-3).
-556
Let i(s) = 3219*s - 16033. Determine i(5).
62
Let s(l) = -33105*l**2 + 198626*l - 18. Give s(6).
-42
Let o(s) = s**2 + 871*s - 3286754. Determine o(1429).
-54
Let o(x) = 34*x**3 - 16*x**2 + 52*x - 69. Calculate o(4).
2059
Let x(y) = 56*y**2 - 205*y + 659. Calculate x(3).
548
Let d(u) = u**3 - 71*u**2 + 1003*u + 58. Calculate d(51).
-809
Let u(m) = -3740*m**3 - 3*m**2 + 1279*m + 1279. Calculate u(-1).
3737
Let n(g) = 9006*g - 63033. Give n(7).
9
Let q(w) = 12*w**3 - 1415*w**2 + 1571*w - 157. Determine q(1).
11
Let f(p) = 556*p + 211198. Calculate f(-380).
-82
Let s(u) = -77*u**2 + 118*u - 346. Determine s(3).
-685
Let y(p) = -46*p**2 - 1197*p + 5501. What is y(4)?
-23
Let y(r) = r**2 - 69*r + 54. Calculate y(37).
-1130
Let o(d) = -3987*d - 590004. Calculate o(-148).
72
Let j(u) = 3*u**3 - 3625*u**2 - 66219*u + 28. What is j(-18)?
-26
Let i(f) = 2*f**2 + 17370*f - 295871. Calculate i(17).
-3
Let v(g) = -g**2 + 3206*g - 1956484. Give v(820).
36
Let h(x) = -7*x**3 - 75*x**2 + 18*x - 6. Give h(-11).
38
Let y(v) = v**3 - 931*v**2 - 13233*v - 53. Calculate y(-14).
-11
Let k(s) = -2*s**2 - 182*s - 4273. Give k(-50).
-173
Let z(g) = 335748*g + 335749. What is z(-1)?
1
Let b(g) = g**2 + 25*g - 6771. What is b(86)?
2775
Let o(k) = 5*k**3 - 91*k**2 + 371*k - 6412. Calculate o(18).
-58
Let y(z) = -14037*z + 322847. Calculate y(23).
-4
Let x(h) = -2*h**3 - 56*h**2 + 179*h - 285. Give x(-31).
-68
Let f(u) = -11*u**2 + 21*u + 790. Give f(0).
790
Let g(i) = -i**3 - 160*i**2 + 467*i + 3054. Give g(-163).
6640
Let s(r) = r**2 + 890*r - 8945. Give s(10).
55
Let c(z) = 4*z**3 - 52*z**2 - 23*z - 122. What is c(14)?
340
Let t(v) = -27*v**2 - 112*v - 10. What is t(2)?
-342
Let p(k) = -2865*k - 570179. What is p(-199)?
-44
Let t(z) = z**2 - 749724*z - 9746568. What is t(-13)?
13
Let l(p) = 1165*p - 8011. Give l(7).
144
Let n(j) = 2*j**2 + 2430*j + 50155. Give n(-21).
7
Let g(j) = -1071*j + 433760. Give g(405).
5
Let z(p) = -20*p**2 - 969*p + 26608. Calculate z(-68).
20
Let k(t) = t**3 - 208*t**2 - 621*t - 3001. Calculate k(211).
-469
Let f(t) = 2459*t + 4859. Calculate f(-2).
-59
Let a(g) = -163*g - 34686. What is a(-212)?
-130
Let m(v) = 87294*v - 174542. Give m(2).
46
Let f(j) = -118*j**3 + 77*j**2 - 146*j - 11. Give f(2).
-939
Let b(t) = 13*t**2 + 2175*t - 8226. Determine b(-171).
-18
Let x(q) = 28*q**3 + 395*q**2 + 102*q + 859. What is x(-14)?
19
Let r(x) = -112*x**2 + 36736*x + 149. Determine r(328).
149
Let o(m) = -61*m**2 - 559*m + 8138. What is o(-17)?
12
Let f(w) = -15*w**2 - 531*w - 534. Calculate f(-1).
-18
Let z(x) = x**3 - 176*x**2 + 171*x - 29942. What is z(176)?
154
Let r(g) = -8*g**3 + 866*g**2 + 618*g + 3963. Give r(109).
39
Let d(n) = 32*n**3 - 323*n**2 - 1750*n + 7. Determine d(14).
7
Let y(j) = -6*j**3 + 1735*j**2 + 17644*j - 885. Calculate y(299).
12
Let c(i) = -i**2 - 4185*i - 112250. Give c(-27).
16
Let u(m) = -31*m**3 - 138*m**2 - 37*m + 84. Determine u(-4).
8
Let u(r) = -296*r**3 + 1773*r**2 - 2*r + 42. What is u(6)?
-78
Let u(f) = -f**3 - 87*f**2 - 17529*f - 1550240. Determine u(-88).
56
Let f(d) = -d**3 + 70*d**2 - 607*d + 946. Determine f(8).
58
Let f(n) = n**3 - 107*n**2 - 627*n - 246. Determine f(113).
5517
Let q(d) = -d**2 - 151209*d - 302413. Determine q(-2).
1
Let s(i) = -8345*i + 58437. Determine s(7).
22
Let r(f) = -f**3 + 77*f**2 - 26*f - 6. Give r(0).
-6
Let j(w) = -6*w**2 + 1910*w - 8126. Calculate j(314).
38
Let g(f) = 219*f**2 - 3145*f + 6284. Determine g(12).
80
Let w(n) = -768*n**2 + 5379*n - 4. Give w(7).
17
Let p(b) = -27224*b - 136077. What is p(-5)?
43
Let n(o) = -o**2 + 2435*o + 5038050. Determine n(-1336).
-6
Let r(o) = -o**3 + 20*o**2 + 121*o + 80. Calculate r(25).
-20
Let f(y) = 45*y**2 - 1585*y + 11478. What is f(25)?
-22
Let t(s) = -16*s**2 - 419*s - 93. What is t(-26)?
-15
Let p(v) = -2786*v + 10338. Calculate p(3).
1980
Let g(c) = -136319*c + 136314. Determine g(1).
-5
Let f(c) = -6*c**3 - 377*c**2 - 1110*c + 34. What is f(-3)?
133
Let t(l) = -166*l - 571. Determine t(7).
-1733
Let x(z) = 8892*z + 35554. Calculate x(-4).
-14
Let v(r) = r**3 - 283*r**2 + 2468*r - 522. What is v(274)?
26
Let b(g) = g**3 + 18*g**2 - 59*g - 148. Give b(-23).
-1436
Let i(n) = 9*n**2 - 47*n - 580. Calculate i(-8).
372
Let d(c) = -2*c**3 - 635*c**2 - 538*c - 70051. Calculate d(-317).
6
Let s(t) = 14*t**3 - 7406*t**2 + 46*t - 24230. What is s(529)?
104
Let t(i) = 6*i**2 + 1542*i - 139721. What is t(71)?
7
Let g(w) = -w**3 + 61*w**2 - 604*w + 45860. Determine g(63).
-130
Let t(q) = -7522*q + 737034. What is t(98)?
-122
Let v(a) = -262082*a - 1048327. Determine v(-4).
1
Let r(o) = -2*o**2 + 51690*o + 206780. Give r(-4).
-12
Let q(t) = -2*t**3 + 6*t**2 + 2148*t - 6440. Give q(3).
4
Let h(k) = -k**2 - 11667*k + 151564. Calculate h(13).
-276
Let g(d) = 17992*d - 19020. Give g(1).
-1028
Let g(f) = 3427*f + 24217. Give g(-7).
228
Let f(l) = -8*l**2 + 2933*l - 180097. What is f(78)?
5
Let h(q) = 6624*q - 32712. Calculate h(5).
408
Let l(q) = q**3 + 37*q**2 - 3441*q + 202. Calculate l(43).
159
Let u(w) = -67069*w + 402384. Give u(6).
-30
Let l(f) = 5404*f + 389130. Calculate l(-72).
42
Let u(k) = -2*k**3 - 558*k**2 + 3434*k + 4006. Give u(-285).
16
Let i(a) = 306*a**3 - 1220*a**2 - 6*a - 28. What is i(4)?
12
Let u(r) = -72992*r - 291956. Determine u(-4).
12
Let w(m) = -10*m**3 + 93*m**2 - 10*m - 9. Give w(10).
-809
Let r(m) = -547*m + 198014. Determine r(362).
0
Let a(n) = n**3 + 198*n**2 + 1135*n - 3260. Calculate a(-192).
4
Let a(z) = 40*z**2 + 490*z - 1987. What is a(4)?
613
Let p(k) = -8*k**3 - 57*k**2 + 134*k + 940. What is p(-7)?
-47
Let f(x) = 53*x**2 + 254*x + 270. Calculate f(-3).
-15
Let a(r) = -1053949*r + 73776421. What is a(70)?
-9
Let z(r) = -6*r**3 + 44*r**2 + 611*r - 618. Give z(14).
96
Let c(z) = -13440*z - 94118. Give c(-7).
-38
Let q(x) = -8187*x - 278400. Determine q(-34).
-42
Let y(j) = -202*j**2 - 5982*j + 2333. What is y(-30)?
-7
Let z(a) = -a**3 + 179*a**2 + 483*a + 11462. Determine z(182).
-4
Let z(g) = -2*g**3 - 333*g**2 - 169*g + 25. Calculate z(-166).
523
Let x(f) = -1182*f - 2344. Give x(-1).
-1162
Let c(o) = -482392*o + 1447173. Determine c(3).
-3
Let z(n) = -3*n**3 + 656*n**2 - 393*n - 9383. What is z(218)?
-9
Let a(j) = -11*j**2 - 820*j - 3178. Calculate a(-4).
-74
Let x(i) = i**3 + 19*i**2 + 1652*i + 31383. Calculate x(-19).
-5
Let y(r) = -13174*r + 78432. Calculate y(6).
-612
Let a(q) = 2892*q + 13963. Calculate a(-5).
-497
Let u(j) = 9*j + 763. Give u(-155).
-632
Let g(o) = -o**3 - 77*o**2 + 1076*o - 78. Give g(12).
18
Let a(r) = -34376*r + 2303197. Determine a(67).
5
Let r(u) = 7*u**3 - 649*u**2 - 6415*u + 40. Determine r(-9).
103
Let l(h) = 176*h**2 + 58*h + 182. What is l(-2)?
770
Let p(h) = 40*h**3 - 17*h**2 - 50*h - 39. Calculate p(-2).
-327
Let f(h) = 43*h + 883. Calculate f(10).
1313
Let p(v) = -v**2 - 74*v + 29579. Give p(-213).
-28
Let o(q) = -397*q - 4030. Give o(-10).
-60
Let x(h) = h**3 - 165*h**2 - 344*h + 1383. Calculate x(167).
-287
Let g(n) = -6*n**3 - 15*n**2 - 336*n - 1003. Give g(-3).
32
Let p(i) = -943*i - 2020. Give p(-2).
-134
Let i(q) = -20297*q + 1278692. Determine i(63).
-19
Let z(c) = 2862*c + 31509. What is z(-11)?
27
Let y(a) = a**2 + 652*a + 104973. Determine y(-286).
297
Let i(m) = -4*m**2 + 14427*m + 101199. Determine i(-7).
14
Let k(z) = -z**3 - 781*z**2 + 2348*z - 3028. Give k(-784).
108
Let a(q) = 2*q**2 + 3349*q - 54122. Give a(16).
-26
Let o(w) = 19365*w - 174368. Determine o(9).
-83
Let f(r) = -1832*r - 7083. Calculate f(-4).
245
Let t(a) = -2632*a - 11544. Calculate t(-4).
-1016
Let x(h) = -h**3 - 28*h**2 - 177*h + 25. Calculate x(-20).
365
Let g(r) = -7*r**2 + 127*r - 3. Determine g(18).
15
Let q(w) = 669*w - 15